{"id":421,"date":"2023-02-09T18:02:06","date_gmt":"2023-02-09T18:02:06","guid":{"rendered":"http:\/\/www.estatutocultura.pt\/?page_id=421"},"modified":"2023-02-09T18:20:19","modified_gmt":"2023-02-09T18:20:19","slug":"elementor-421","status":"publish","type":"page","link":"http:\/\/www.estatutocultura.pt\/?page_id=421","title":{"rendered":"Tabela das Taxas Contributivas Previstas no Estatuto"},"content":{"rendered":"\t\t<div data-elementor-type=\"wp-page\" data-elementor-id=\"421\" class=\"elementor elementor-421\">\n\t\t\t\t\t\t\t\t\t<section class=\"elementor-section elementor-top-section elementor-element elementor-element-5c14ecb elementor-section-boxed elementor-section-height-default elementor-section-height-default\" data-id=\"5c14ecb\" data-element_type=\"section\">\n\t\t\t\t\t\t<div class=\"elementor-container elementor-column-gap-default\">\n\t\t\t\t\t<div class=\"elementor-column elementor-col-100 elementor-top-column elementor-element elementor-element-5b82363\" data-id=\"5b82363\" data-element_type=\"column\">\n\t\t\t<div class=\"elementor-widget-wrap elementor-element-populated\">\n\t\t\t\t\t\t\t\t<div class=\"elementor-element elementor-element-584a947 elementor-widget elementor-widget-text-editor\" data-id=\"584a947\" data-element_type=\"widget\" data-widget_type=\"text-editor.default\">\n\t\t\t\t<div class=\"elementor-widget-container\">\n\t\t\t<style>\/*! elementor - v3.10.1 - 17-01-2023 *\/\n.elementor-widget-text-editor.elementor-drop-cap-view-stacked .elementor-drop-cap{background-color:#818a91;color:#fff}.elementor-widget-text-editor.elementor-drop-cap-view-framed .elementor-drop-cap{color:#818a91;border:3px solid;background-color:transparent}.elementor-widget-text-editor:not(.elementor-drop-cap-view-default) .elementor-drop-cap{margin-top:8px}.elementor-widget-text-editor:not(.elementor-drop-cap-view-default) .elementor-drop-cap-letter{width:1em;height:1em}.elementor-widget-text-editor .elementor-drop-cap{float:left;text-align:center;line-height:1;font-size:50px}.elementor-widget-text-editor .elementor-drop-cap-letter{display:inline-block}<\/style>\t\t\t\t<table border=\"1\" width=\"630\" rules=\"ROWS\" cellspacing=\"0\" cellpadding=\"0\">\n<tbody>\n<tr>\n<td bgcolor=\"#4472c4\" width=\"104\">\n<p align=\"CENTER\"><b>Trabalhador<\/b><\/p>\n<\/td>\n<td bgcolor=\"#4472c4\" width=\"69\">\n<p align=\"CENTER\"><b>Taxa total<\/b><\/p>\n<\/td>\n<td bgcolor=\"#4472c4\" width=\"78\">\n<p align=\"CENTER\"><b>Taxa trabalhador<\/b><\/p>\n<\/td>\n<td bgcolor=\"#4472c4\" width=\"93\">\n<p align=\"CENTER\"><b>Taxa entidade empregadora\/ benefici\u00e1ria<\/b><\/p>\n<\/td>\n<td bgcolor=\"#4472c4\" width=\"64\">\n<p align=\"CENTER\"><b>Taxa SS<\/b><\/p>\n<\/td>\n<td bgcolor=\"#4472c4\" width=\"65\">\n<p align=\"CENTER\"><b>Taxa do Fundo<\/b><\/p>\n<\/td>\n<td bgcolor=\"#4472c4\" width=\"80\">\n<p align=\"CENTER\"><b>Subs\u00eddio desemprego \/ cessa\u00e7\u00e3o<\/b><\/p>\n<\/td>\n<td bgcolor=\"#4472c4\" width=\"75\">\n<p align=\"CENTER\"><b>Subs\u00eddio de Suspens\u00e3o<\/b><\/p>\n<\/td>\n<\/tr>\n<tr valign=\"TOP\">\n<td bgcolor=\"#4472c4\" width=\"104\">\n<p align=\"CENTER\"><b>TCO (100%)<\/b><\/p>\n<\/td>\n<td bgcolor=\"#b4c6e7\" width=\"69\">\n<p align=\"CENTER\">34,75%<\/p>\n<\/td>\n<td bgcolor=\"#b4c6e7\" width=\"78\">\n<p align=\"CENTER\">11%<\/p>\n<\/td>\n<td bgcolor=\"#b4c6e7\" width=\"93\">\n<p align=\"CENTER\">23,75%<\/p>\n<\/td>\n<td bgcolor=\"#b4c6e7\" width=\"64\">\n<p align=\"CENTER\">34,75%<\/p>\n<\/td>\n<td bgcolor=\"#b4c6e7\" width=\"65\">\n<p align=\"CENTER\">_<\/p>\n<\/td>\n<td bgcolor=\"#b4c6e7\" width=\"80\">\n<p align=\"CENTER\">\u221a<\/p>\n<\/td>\n<td bgcolor=\"#b4c6e7\" width=\"75\">\n<p align=\"CENTER\">_<\/p>\n<\/td>\n<\/tr>\n<tr valign=\"TOP\">\n<td bgcolor=\"#4472c4\" width=\"104\">\n<p align=\"CENTER\"><b>MOE (100%)<\/b><\/p>\n<\/td>\n<td bgcolor=\"#d9e2f3\" width=\"69\">\n<p align=\"CENTER\">34,75%<\/p>\n<\/td>\n<td bgcolor=\"#d9e2f3\" width=\"78\">\n<p align=\"CENTER\">11%<\/p>\n<\/td>\n<td bgcolor=\"#d9e2f3\" width=\"93\">\n<p align=\"CENTER\">23,75%<\/p>\n<\/td>\n<td bgcolor=\"#d9e2f3\" width=\"64\">\n<p align=\"CENTER\">34,75%<\/p>\n<\/td>\n<td bgcolor=\"#d9e2f3\" width=\"65\">\n<p align=\"CENTER\">_<\/p>\n<\/td>\n<td bgcolor=\"#d9e2f3\" width=\"80\">\n<p align=\"CENTER\">\u221a<\/p>\n<\/td>\n<td bgcolor=\"#d9e2f3\" width=\"75\">\n<p align=\"CENTER\">_<\/p>\n<\/td>\n<\/tr>\n<tr valign=\"TOP\">\n<td bgcolor=\"#4472c4\" width=\"104\">\n<p align=\"CENTER\"><b>MOE unipessoal (100%)<\/b><\/p>\n<\/td>\n<td bgcolor=\"#b4c6e7\" width=\"69\">\n<p align=\"CENTER\">34,75%<\/p>\n<\/td>\n<td bgcolor=\"#b4c6e7\" width=\"78\">\n<p align=\"CENTER\">11%<\/p>\n<\/td>\n<td bgcolor=\"#b4c6e7\" width=\"93\">\n<p align=\"CENTER\">23,75%<\/p>\n<\/td>\n<td bgcolor=\"#b4c6e7\" width=\"64\">\n<p align=\"CENTER\">34,75%<\/p>\n<\/td>\n<td bgcolor=\"#b4c6e7\" width=\"65\">\n<p align=\"CENTER\">_<\/p>\n<\/td>\n<td bgcolor=\"#b4c6e7\" width=\"80\">\n<p align=\"CENTER\">\u221a<\/p>\n<\/td>\n<td bgcolor=\"#4472c4\" width=\"75\">\n<p align=\"CENTER\">_<\/p>\n<\/td>\n<\/tr>\n<tr valign=\"TOP\">\n<td bgcolor=\"#4472c4\" width=\"104\">\n<p align=\"CENTER\"><b>TCO muito curta dura\u00e7\u00e3o (100%)<\/b><\/p>\n<\/td>\n<td bgcolor=\"#d9e2f3\" width=\"69\">\n<p align=\"CENTER\">37,1%<\/p>\n<\/td>\n<td bgcolor=\"#d9e2f3\" width=\"78\">\n<p align=\"CENTER\">11%<\/p>\n<\/td>\n<td bgcolor=\"#d9e2f3\" width=\"93\">\n<p align=\"CENTER\">26,1%<\/p>\n<\/td>\n<td bgcolor=\"#4472c4\" width=\"64\">\n<p align=\"CENTER\">29,65%<\/p>\n<\/td>\n<td bgcolor=\"#4472c4\" width=\"65\">\n<p align=\"CENTER\">7,45%<\/p>\n<\/td>\n<td bgcolor=\"#4472c4\" width=\"80\">\n<p align=\"CENTER\">_<\/p>\n<\/td>\n<td bgcolor=\"#d9e2f3\" width=\"75\">\n<p align=\"CENTER\">\u221a<\/p>\n<\/td>\n<\/tr>\n<tr valign=\"TOP\">\n<td bgcolor=\"#4472c4\" width=\"104\">\n<p align=\"CENTER\"><b>TI registado (70% ou 20%)<\/b><\/p>\n<\/td>\n<td bgcolor=\"#b4c6e7\" width=\"69\">\n<p align=\"CENTER\">30,3%<\/p>\n<\/td>\n<td bgcolor=\"#b4c6e7\" width=\"78\">\n<p align=\"CENTER\">25,2%<\/p>\n<\/td>\n<td bgcolor=\"#b4c6e7\" width=\"93\">\n<p align=\"CENTER\">5,1%<\/p>\n<\/td>\n<td bgcolor=\"#4472c4\" width=\"64\">\n<p align=\"CENTER\">21,4%<\/p>\n<\/td>\n<td bgcolor=\"#4472c4\" width=\"65\">\n<p align=\"CENTER\">8,9%<\/p>\n<\/td>\n<td bgcolor=\"#4472c4\" width=\"80\">\n<p align=\"CENTER\">_<\/p>\n<\/td>\n<td bgcolor=\"#b4c6e7\" width=\"75\">\n<p align=\"CENTER\">\u221a<\/p>\n<\/td>\n<\/tr>\n<tr valign=\"TOP\">\n<td bgcolor=\"#4472c4\" width=\"104\">\n<p align=\"CENTER\"><b>TI n\u00e3o registado (70% ou 20%)<\/b><\/p>\n<\/td>\n<td bgcolor=\"#d9e2f3\" width=\"69\">\n<p align=\"CENTER\">\u2013<\/p>\n<\/td>\n<td bgcolor=\"#d9e2f3\" width=\"78\">\n<p align=\"CENTER\">21,4%<\/p>\n<p align=\"CENTER\">Ou 25,2%<\/p>\n<\/td>\n<td bgcolor=\"#d9e2f3\" width=\"93\">\n<p align=\"CENTER\">5,1%<\/p>\n<\/td>\n<td bgcolor=\"#4472c4\" width=\"64\">\n<p align=\"CENTER\">21,4%<\/p>\n<\/td>\n<td bgcolor=\"#4472c4\" width=\"65\">\n<p align=\"CENTER\">\u2013<\/p>\n<\/td>\n<td bgcolor=\"#4472c4\" width=\"80\">\n<p align=\"CENTER\">_<\/p>\n<\/td>\n<td bgcolor=\"#d9e2f3\" width=\"75\">\n<p align=\"CENTER\">_<\/p>\n<\/td>\n<\/tr>\n<\/tbody>\n<\/table>\t\t\t\t\t\t<\/div>\n\t\t\t\t<\/div>\n\t\t\t\t\t<\/div>\n\t\t<\/div>\n\t\t\t\t\t\t\t<\/div>\n\t\t<\/section>\n\t\t\t\t<section class=\"elementor-section elementor-top-section elementor-element elementor-element-6848f76 elementor-section-boxed elementor-section-height-default elementor-section-height-default\" data-id=\"6848f76\" data-element_type=\"section\">\n\t\t\t\t\t\t<div class=\"elementor-container elementor-column-gap-default\">\n\t\t\t\t\t<div class=\"elementor-column elementor-col-100 elementor-top-column elementor-element elementor-element-1e465a6\" data-id=\"1e465a6\" data-element_type=\"column\">\n\t\t\t<div class=\"elementor-widget-wrap elementor-element-populated\">\n\t\t\t\t\t\t\t\t<div class=\"elementor-element elementor-element-6114ab6 elementor-align-center elementor-mobile-align-center elementor-widget elementor-widget-button\" data-id=\"6114ab6\" data-element_type=\"widget\" data-widget_type=\"button.default\">\n\t\t\t\t<div class=\"elementor-widget-container\">\n\t\t\t\t\t<div class=\"elementor-button-wrapper\">\n\t\t\t<a href=\"http:\/\/www.estatutocultura.pt\/?page_id=218\" class=\"elementor-button-link elementor-button elementor-size-sm\" role=\"button\">\n\t\t\t\t\t\t<span class=\"elementor-button-content-wrapper\">\n\t\t\t\t\t\t<span class=\"elementor-button-text\">Voltar a FAQs<\/span>\n\t\t<\/span>\n\t\t\t\t\t<\/a>\n\t\t<\/div>\n\t\t\t\t<\/div>\n\t\t\t\t<\/div>\n\t\t\t\t\t<\/div>\n\t\t<\/div>\n\t\t\t\t\t\t\t<\/div>\n\t\t<\/section>\n\t\t\t\t\t\t\t<\/div>\n\t\t","protected":false},"excerpt":{"rendered":"<p>Trabalhador Taxa total Taxa trabalhador Taxa entidade empregadora\/ benefici\u00e1ria Taxa SS Taxa do Fundo Subs\u00eddio desemprego \/ cessa\u00e7\u00e3o Subs\u00eddio de Suspens\u00e3o TCO (100%) 34,75% 11% 23,75% 34,75% _ \u221a _ MOE (100%) 34,75% 11% 23,75% 34,75% _ \u221a _ MOE unipessoal (100%) 34,75% 11% 23,75% 34,75% _ \u221a _ TCO muito curta dura\u00e7\u00e3o (100%) 37,1% 11% 26,1% 29,65% 7,45% _ \u221a TI registado (70% ou 20%) 30,3% 25,2% 5,1% 21,4% 8,9% _ \u221a TI n\u00e3o registado (70% ou 20%) \u2013 21,4% Ou 25,2% 5,1% 21,4% \u2013 _ _ Voltar a FAQs<\/p>\n","protected":false},"author":1,"featured_media":0,"parent":0,"menu_order":0,"comment_status":"closed","ping_status":"closed","template":"","meta":[],"blocksy_meta":{"styles_descriptor":{"styles":{"desktop":"","tablet":"","mobile":""},"google_fonts":[],"version":5}},"yoast_head":"<!-- This site is optimized with the Yoast SEO plugin v19.14 - https:\/\/yoast.com\/wordpress\/plugins\/seo\/ -->\n<title>Tabela das Taxas Contributivas Previstas no Estatuto - Estatuto Cultura<\/title>\n<meta name=\"robots\" content=\"index, follow, max-snippet:-1, max-image-preview:large, max-video-preview:-1\" \/>\n<link rel=\"canonical\" href=\"http:\/\/www.estatutocultura.pt\/?page_id=421\" \/>\n<meta property=\"og:locale\" content=\"pt_PT\" \/>\n<meta property=\"og:type\" content=\"article\" \/>\n<meta property=\"og:title\" content=\"Tabela das Taxas Contributivas Previstas no Estatuto - Estatuto Cultura\" \/>\n<meta property=\"og:description\" content=\"Trabalhador Taxa total Taxa trabalhador Taxa entidade empregadora\/ benefici\u00e1ria Taxa SS Taxa do Fundo Subs\u00eddio desemprego \/ cessa\u00e7\u00e3o Subs\u00eddio de Suspens\u00e3o TCO (100%) 34,75% 11% 23,75% 34,75% _ \u221a _ MOE (100%) 34,75% 11% 23,75% 34,75% _ \u221a _ MOE unipessoal (100%) 34,75% 11% 23,75% 34,75% _ \u221a _ TCO muito curta dura\u00e7\u00e3o (100%) 37,1% 11% 26,1% 29,65% 7,45% _ \u221a TI registado (70% ou 20%) 30,3% 25,2% 5,1% 21,4% 8,9% _ \u221a TI n\u00e3o registado (70% ou 20%) \u2013 21,4% Ou 25,2% 5,1% 21,4% \u2013 _ _ Voltar a FAQs\" \/>\n<meta property=\"og:url\" content=\"http:\/\/www.estatutocultura.pt\/?page_id=421\" \/>\n<meta property=\"og:site_name\" content=\"Estatuto Cultura\" \/>\n<meta property=\"article:modified_time\" content=\"2023-02-09T18:20:19+00:00\" \/>\n<meta name=\"twitter:card\" content=\"summary_large_image\" \/>\n<meta name=\"twitter:label1\" content=\"Tempo estimado de leitura\" \/>\n\t<meta name=\"twitter:data1\" content=\"1 minuto\" \/>\n<script type=\"application\/ld+json\" class=\"yoast-schema-graph\">{\"@context\":\"https:\/\/schema.org\",\"@graph\":[{\"@type\":\"WebPage\",\"@id\":\"http:\/\/www.estatutocultura.pt\/?page_id=421\",\"url\":\"http:\/\/www.estatutocultura.pt\/?page_id=421\",\"name\":\"Tabela das Taxas Contributivas Previstas no Estatuto - Estatuto Cultura\",\"isPartOf\":{\"@id\":\"http:\/\/www.estatutocultura.pt\/#website\"},\"datePublished\":\"2023-02-09T18:02:06+00:00\",\"dateModified\":\"2023-02-09T18:20:19+00:00\",\"breadcrumb\":{\"@id\":\"http:\/\/www.estatutocultura.pt\/?page_id=421#breadcrumb\"},\"inLanguage\":\"pt-PT\",\"potentialAction\":[{\"@type\":\"ReadAction\",\"target\":[\"http:\/\/www.estatutocultura.pt\/?page_id=421\"]}]},{\"@type\":\"BreadcrumbList\",\"@id\":\"http:\/\/www.estatutocultura.pt\/?page_id=421#breadcrumb\",\"itemListElement\":[{\"@type\":\"ListItem\",\"position\":1,\"name\":\"In\u00edcio\",\"item\":\"http:\/\/www.estatutocultura.pt\/\"},{\"@type\":\"ListItem\",\"position\":2,\"name\":\"Tabela das Taxas Contributivas Previstas no Estatuto\"}]},{\"@type\":\"WebSite\",\"@id\":\"http:\/\/www.estatutocultura.pt\/#website\",\"url\":\"http:\/\/www.estatutocultura.pt\/\",\"name\":\"Estatuto Cultura\",\"description\":\"Estatuto do Profissional da Cultura\",\"publisher\":{\"@id\":\"http:\/\/www.estatutocultura.pt\/#organization\"},\"potentialAction\":[{\"@type\":\"SearchAction\",\"target\":{\"@type\":\"EntryPoint\",\"urlTemplate\":\"http:\/\/www.estatutocultura.pt\/?s={search_term_string}\"},\"query-input\":\"required name=search_term_string\"}],\"inLanguage\":\"pt-PT\"},{\"@type\":\"Organization\",\"@id\":\"http:\/\/www.estatutocultura.pt\/#organization\",\"name\":\"Estatuto Cultura\",\"url\":\"http:\/\/www.estatutocultura.pt\/\",\"logo\":{\"@type\":\"ImageObject\",\"inLanguage\":\"pt-PT\",\"@id\":\"http:\/\/www.estatutocultura.pt\/#\/schema\/logo\/image\/\",\"url\":\"http:\/\/www.estatutocultura.pt\/wp-content\/uploads\/2022\/09\/logoestatuto1-01-e1662465065117.jpg\",\"contentUrl\":\"http:\/\/www.estatutocultura.pt\/wp-content\/uploads\/2022\/09\/logoestatuto1-01-e1662465065117.jpg\",\"width\":622,\"height\":192,\"caption\":\"Estatuto Cultura\"},\"image\":{\"@id\":\"http:\/\/www.estatutocultura.pt\/#\/schema\/logo\/image\/\"}}]}<\/script>\n<!-- \/ Yoast SEO plugin. -->","yoast_head_json":{"title":"Tabela das Taxas Contributivas Previstas no Estatuto - Estatuto Cultura","robots":{"index":"index","follow":"follow","max-snippet":"max-snippet:-1","max-image-preview":"max-image-preview:large","max-video-preview":"max-video-preview:-1"},"canonical":"http:\/\/www.estatutocultura.pt\/?page_id=421","og_locale":"pt_PT","og_type":"article","og_title":"Tabela das Taxas Contributivas Previstas no Estatuto - Estatuto Cultura","og_description":"Trabalhador Taxa total Taxa trabalhador Taxa entidade empregadora\/ benefici\u00e1ria Taxa SS Taxa do Fundo Subs\u00eddio desemprego \/ cessa\u00e7\u00e3o Subs\u00eddio de Suspens\u00e3o TCO (100%) 34,75% 11% 23,75% 34,75% _ \u221a _ MOE (100%) 34,75% 11% 23,75% 34,75% _ \u221a _ MOE unipessoal (100%) 34,75% 11% 23,75% 34,75% _ \u221a _ TCO muito curta dura\u00e7\u00e3o (100%) 37,1% 11% 26,1% 29,65% 7,45% _ \u221a TI registado (70% ou 20%) 30,3% 25,2% 5,1% 21,4% 8,9% _ \u221a TI n\u00e3o registado (70% ou 20%) \u2013 21,4% Ou 25,2% 5,1% 21,4% \u2013 _ _ Voltar a FAQs","og_url":"http:\/\/www.estatutocultura.pt\/?page_id=421","og_site_name":"Estatuto Cultura","article_modified_time":"2023-02-09T18:20:19+00:00","twitter_card":"summary_large_image","twitter_misc":{"Tempo estimado de leitura":"1 minuto"},"schema":{"@context":"https:\/\/schema.org","@graph":[{"@type":"WebPage","@id":"http:\/\/www.estatutocultura.pt\/?page_id=421","url":"http:\/\/www.estatutocultura.pt\/?page_id=421","name":"Tabela das Taxas Contributivas Previstas no Estatuto - Estatuto Cultura","isPartOf":{"@id":"http:\/\/www.estatutocultura.pt\/#website"},"datePublished":"2023-02-09T18:02:06+00:00","dateModified":"2023-02-09T18:20:19+00:00","breadcrumb":{"@id":"http:\/\/www.estatutocultura.pt\/?page_id=421#breadcrumb"},"inLanguage":"pt-PT","potentialAction":[{"@type":"ReadAction","target":["http:\/\/www.estatutocultura.pt\/?page_id=421"]}]},{"@type":"BreadcrumbList","@id":"http:\/\/www.estatutocultura.pt\/?page_id=421#breadcrumb","itemListElement":[{"@type":"ListItem","position":1,"name":"In\u00edcio","item":"http:\/\/www.estatutocultura.pt\/"},{"@type":"ListItem","position":2,"name":"Tabela das Taxas Contributivas Previstas no Estatuto"}]},{"@type":"WebSite","@id":"http:\/\/www.estatutocultura.pt\/#website","url":"http:\/\/www.estatutocultura.pt\/","name":"Estatuto Cultura","description":"Estatuto do Profissional da Cultura","publisher":{"@id":"http:\/\/www.estatutocultura.pt\/#organization"},"potentialAction":[{"@type":"SearchAction","target":{"@type":"EntryPoint","urlTemplate":"http:\/\/www.estatutocultura.pt\/?s={search_term_string}"},"query-input":"required name=search_term_string"}],"inLanguage":"pt-PT"},{"@type":"Organization","@id":"http:\/\/www.estatutocultura.pt\/#organization","name":"Estatuto Cultura","url":"http:\/\/www.estatutocultura.pt\/","logo":{"@type":"ImageObject","inLanguage":"pt-PT","@id":"http:\/\/www.estatutocultura.pt\/#\/schema\/logo\/image\/","url":"http:\/\/www.estatutocultura.pt\/wp-content\/uploads\/2022\/09\/logoestatuto1-01-e1662465065117.jpg","contentUrl":"http:\/\/www.estatutocultura.pt\/wp-content\/uploads\/2022\/09\/logoestatuto1-01-e1662465065117.jpg","width":622,"height":192,"caption":"Estatuto Cultura"},"image":{"@id":"http:\/\/www.estatutocultura.pt\/#\/schema\/logo\/image\/"}}]}},"_links":{"self":[{"href":"http:\/\/www.estatutocultura.pt\/index.php?rest_route=\/wp\/v2\/pages\/421"}],"collection":[{"href":"http:\/\/www.estatutocultura.pt\/index.php?rest_route=\/wp\/v2\/pages"}],"about":[{"href":"http:\/\/www.estatutocultura.pt\/index.php?rest_route=\/wp\/v2\/types\/page"}],"author":[{"embeddable":true,"href":"http:\/\/www.estatutocultura.pt\/index.php?rest_route=\/wp\/v2\/users\/1"}],"replies":[{"embeddable":true,"href":"http:\/\/www.estatutocultura.pt\/index.php?rest_route=%2Fwp%2Fv2%2Fcomments&post=421"}],"version-history":[{"count":8,"href":"http:\/\/www.estatutocultura.pt\/index.php?rest_route=\/wp\/v2\/pages\/421\/revisions"}],"predecessor-version":[{"id":438,"href":"http:\/\/www.estatutocultura.pt\/index.php?rest_route=\/wp\/v2\/pages\/421\/revisions\/438"}],"wp:attachment":[{"href":"http:\/\/www.estatutocultura.pt\/index.php?rest_route=%2Fwp%2Fv2%2Fmedia&parent=421"}],"curies":[{"name":"wp","href":"https:\/\/api.w.org\/{rel}","templated":true}]}}